remainder when 50357 is divided by 1527.
1493
Calculate the remainder when 161872 is divided by 51.
49
Calculate the remainder when 100646 is divided by 12.
2
What is the remainder when 2109 is divided by 1969?
140
Calculate the remainder when 2004 is divided by 188.
124
What is the remainder when 2462 is divided by 268?
50
Calculate the remainder when 121039 is divided by 51.
16
What is the remainder when 1819 is divided by 785?
249
Calculate the remainder when 25066 is divided by 24.
10
What is the remainder when 25740 is divided by 222?
210
Calculate the remainder when 28364 is divided by 3151.
5
Calculate the remainder when 404025 is divided by 348.
345
What is the remainder when 3347 is divided by 21?
8
Calculate the remainder when 617561 is divided by 10834.
23
Calculate the remainder when 10066 is divided by 913.
23
Calculate the remainder when 62109 is divided by 5174.
21
Calculate the remainder when 76830 is divided by 5.
0
Calculate the remainder when 64073 is divided by 89.
82
Calculate the remainder when 31650 is divided by 76.
34
Calculate the remainder when 20914 is divided by 209.
14
Calculate the remainder when 1282 is divided by 285.
142
What is the remainder when 1019918 is divided by 16?
14
Calculate the remainder when 1400 is divided by 919.
481
Calculate the remainder when 4224 is divided by 790.
274
Calculate the remainder when 123256 is divided by 334.
10
What is the remainder when 19044 is divided by 2378?
20
What is the remainder when 37159 is divided by 138?
37
What is the remainder when 6972 is divided by 93?
90
Calculate the remainder when 3354 is divided by 1327.
700
Calculate the remainder when 999 is divided by 15.
9
What is the remainder when 7697 is divided by 193?
170
What is the remainder when 5809 is divided by 152?
33
What is the remainder when 1591779 is divided by 114?
111
Calculate the remainder when 19181 is divided by 95.
86
What is the remainder when 582380 is divided by 2110?
20
What is the remainder when 209302 is divided by 3949?
5
Calculate the remainder when 23989 is divided by 258.
253
What is the remainder when 1950 is divided by 16?
14
Calculate the remainder when 4382 is divided by 1368.
278
Calculate the remainder when 552171 is divided by 2320.
11
What is the remainder when 91258 is divided by 621?
592
What is the remainder when 6941 is divided by 132?
77
What is the remainder when 525 is divided by 212?
101
What is the remainder when 19026 is divided by 595?
581
Calculate the remainder when 65102 is divided by 517.
477
Calculate the remainder when 24144 is divided by 79.
49
Calculate the remainder when 331057 is divided by 10.
7
What is the remainder when 1697 is divided by 533?
98
Calculate the remainder when 3704 is divided by 911.
60
What is the remainder when 12434 is divided by 64?
18
Calculate the remainder when 4089 is divided by 3928.
161
Calculate the remainder when 785 is divided by 355.
75
What is the remainder when 3249 is divided by 268?
33
Calculate the remainder when 21627 is divided by 423.
54
What is the remainder when 16081023 is divided by 64?
63
What is the remainder when 3153 is divided by 147?
66
Calculate the remainder when 12278 is divided by 4089.
11
Calculate the remainder when 2499 is divided by 142.
85
What is the remainder when 655000 is divided by 58?
6
What is the remainder when 10846 is divided by 1086?
1072
Calculate the remainder when 38489 is divided by 9617.
21
Calculate the remainder when 47561 is divided by 107.
53
What is the remainder when 23301 is divided by 29?
14
What is the remainder when 197334 is divided by 49332?
6
What is the remainder when 31321 is divided by 540?
1
Calculate the remainder when 144416 is divided by 249.
245
Calculate the remainder when 4960 is divided by 441.
109
What is the remainder when 5615 is divided by 468?
467
What is the remainder when 160906 is divided by 16090?
6
What is the remainder when 2277 is divided by 852?
573
What is the remainder when 3996 is divided by 398?
16
Calculate the remainder when 166278 is divided by 142.
138
Calculate the remainder when 35593 is divided by 2372.
13
Calculate the remainder when 635 is divided by 363.
272
Calculate the remainder when 17204 is divided by 150.
104
Calculate the remainder when 2997 is divided by 1453.
91
Calculate the remainder when 2604 is divided by 805.
189
Calculate the remainder when 80830 is divided by 16.
14
Calculate the remainder when 302797 is divided by 31.
20
Calculate the remainder when 19253 is divided by 169.
156
Calculate the remainder when 20065072 is divided by 59.
57
What is the remainder when 1516 is divided by 255?
241
What is the remainder when 280697 is divided by 25?
22
Calculate the remainder when 15543 is divided by 311.
304
What is the remainder when 96383 is divided by 19?
15
What is the remainder when 5798 is divided by 43?
36
Calculate the remainder when 635 is divided by 32.
27
What is the remainder when 2205 is divided by 824?
557
What is the remainder when 24750 is divided by 605?
550
Calculate the remainder when 6733 is divided by 45.
28
What is the remainder when 1273 is divided by 898?
375
What is the remainder when 11539 is divided by 84?
31
Calculate the remainder when 3643 is divided by 46.
9
What is the remainder when 8805 is divided by 86?
33
What is the remainder when 4393 is divided by 231?
4
Calculate the remainder when 2662 is divided by 1321.
20
What is the remainder when 715082 is divided by 15?
2
Calculate the remainder when 159319 is divided by 204.
199
Calculate the remainder when 12053 is divided by 97.
25
Calculate the remainder when 34558 is divided by 6910.
8
What is the remainder when 244079 is divided by 12?
11
What is the remainder when 155272 is divided by 213?
208
What is the remainder when 18462 is divided by 129?
15
What is the remainder when 1446 is divided by 92?
66
What is the remainder when 11227 is divided by 467?
19
What is the remainder when 93889 is divided by 41?
40
Calculate the remainder when 6669 is divided by 6666.
3
What is the remainder when 49802 is divided by 1132?
1126
What is the remainder when 57179 is divided by 4084?
3
Calculate the remainder when 220 is divided by 31.
3
What is the remainder when 18101 is divided by 62?
59
Calculate the remainder when 98106 is divided by 1634.
66
What is the remainder when 111069 is divided by 99?
90
What is the remainder when 5300 is divided by 2646?
8
What is the remainder when 774 is divided by 27?
18
What is the remainder when 1486 is divided by 161?
37
What is the remainder when 74251 is divided by 76?
75
What is the remainder when 33662 is divided by 16663?
336
Calculate the remainder when 5490 is divided by 913.
12
Calculate the remainder when 3542 is divided by 3448.
94
Calculate the remainder when 24951 is divided by 24896.
55
Calculate the remainder when 21495 is divided by 3515.
405
Calculate the remainder when 22217 is divided by 3173.
6
What is the remainder when 2888 is divided by 805?
473
What is the remainder when 9110 is divided by 68?
66
Calculate the remainder when 29266 is divided by 276.
10
What is the remainder when 802 is divided by 9?
1
What is the remainder when 269997 is divided by 600?
597
What is the remainder when 182697 is divided by 167?
166
Calculate the remainder when 31052 is divided by 449.
71
Calculate the remainder when 1850 is divided by 575.
125
What is the remainder when 37267 is divided by 121?
120
What is the remainder when 153633 is divided by 1652?
1649
What is the remainder when 26730 is divided by 21?
18
Calculate the remainder when 2894 is divided by 1422.
50
What is the remainder when 20104 is divided by 502?
24
Calculate the remainder when 16424 is divided by 253.
232
What is the remainder when 182269 is divided by 178?
175
What is the remainder when 2217 is divided by 57?
51
What is the remainder when 1444 is divided by 25?
19
What is the remainder when 39159 is divided by 270?
9
Calculate the remainder when 11802 is divided by 41.
35
What is the remainder when 191313 is divided by 149?
146
Calculate the remainder when 155469 is divided by 106.
73
What is the remainder when 2998 is divided by 166?
10
Calculate the remainder when 11778 is divided by 2906.
154
What is the remainder when 23227 is div